mmon divisor of 3 and x?
3
Suppose 2*t + 2*y - 7 = -1, -4*t = -y + 3. Suppose 4*w - 152 = -4*z, -3*z + t*z + 2*w = -104. What is the highest common divisor of 12 and z?
12
Suppose 0 = -3*i - 2*n + 19, -n + 26 - 6 = 3*i. Suppose -q = 4*r - 13, q + 9 = -2*q. Suppose -o - r = -i. What is the highest common factor of 21 and o?
3
Let u = 3664 - 2614. What is the highest common divisor of 315 and u?
105
Let r be ((-414)/(-184))/((-3)/(-32)). Suppose -5*p - 25 = 0, 3*s - r*p = -20*p + 29. Calculate the greatest common divisor of s and 8.
1
Suppose 375 = 5*l - 5*p, p + p - 318 = -4*l. Suppose -197*i = 156*i - 4236. Calculate the greatest common divisor of l and i.
6
Suppose -143 + 1193 + 4325 = 5*k. Calculate the highest common divisor of 817 and k.
43
Let a be 8*(1 - 3)*-2. Let b be (-32)/(-17) - a/(-272). Calculate the greatest common divisor of b and 10.
2
Suppose 204 = 2*b + 4*q, 5*q + 555 = 12*b - 7*b. Let v = -19 + 25. Calculate the greatest common factor of v and b.
6
Suppose 17*r - 1190 = -867. Calculate the greatest common factor of r and 1349.
19
Suppose -31*g = -37*g + 72. Let i be 142/5 - 2/5. Let b be i - -6*(-4)/g. Calculate the highest common factor of 65 and b.
13
Suppose 2*r = -2*a + 6*r + 1204, -3*r = -4*a + 2398. Suppose 3*h - a = 1415. What is the greatest common divisor of 61 and h?
61
Let v(x) = x**3 - 22*x**2 + 74*x + 8. Let l be v(18). Let m(s) = 99*s**2. Let u be m(-2). What is the greatest common divisor of l and u?
44
Suppose -56*y - 1498 = -102146 - 3232. Calculate the highest common divisor of 14 and y.
7
Let s be 126/(-75 - -57)*18/(-2). What is the greatest common factor of 14868 and s?
63
Let k(a) = -11*a + 4. Let y be k(4). Let m be y/(-7) - 2/(-7). Let w = 230848 - 230842. What is the greatest common divisor of w and m?
6
Let o(p) = -195*p - 902. Let l be o(-6). What is the greatest common factor of l and 32?
4
Let z = 69 + -31. Let h(l) = -l**2 - 414*l - 15046. Let j be h(-41). What is the greatest common divisor of j and z?
19
Let b be (36/21)/(4/168 - 0). Suppose -130 = -b*z + 71*z. Let k = z + -103. Calculate the highest common divisor of 27 and k.
27
Let u = -37795 - -37872. Let i be ((-6)/4)/((-6)/88). What is the greatest common factor of u and i?
11
Let p(s) = 2*s**2 + 11*s + 5. Let m be p(0). Suppose 120 = m*t + 5*b, -4*t + b = -t - 52. What is the greatest common factor of 589 and t?
19
Let j be -2 + 25/(-5) - -313. Suppose 0 = 4*w + j - 386. What is the highest common divisor of 4 and w?
4
Let d(x) = 24*x**3 - 6*x**2 + 6*x + 1. Let q be d(3). Suppose -4*p = -q - 3. What is the greatest common divisor of p and 44?
22
Let q(v) = 149*v - 50. Let u be q(1). Let b = -69 + u. What is the greatest common factor of 20 and b?
10
Let s(h) = -h**3 - 8*h**2 - 4. Let u be s(-9). Let k be (-3)/12 - (-1547)/28. Let d = 62 - k. What is the highest common factor of u and d?
7
Suppose -5*o = -25, 2*n + 3*o - 27 = n. Calculate the highest common factor of n and 2496.
12
Suppose 5*j - 7*j = u - 3210, -5*u = 2*j - 3226. Calculate the highest common factor of j and 21.
7
Let r be 85 + (-151 - -74) + -2*(3 + -1). Suppose -5*o + 88 + 2 = 0. Let k be (1 + (-2)/6)*o. What is the greatest common factor of r and k?
4
Let v(m) = -8*m + 3. Let f be v(6). Let t = 48 + f. Suppose -2*b - t*n + 36 = 0, -3*n = -b - 4*n + 18. What is the highest common divisor of b and 54?
18
Suppose -1272 = 20*w - 5912. Let q(d) = 3*d**2 - 4*d - 6. Let r be q(-4). Calculate the greatest common divisor of r and w.
58
Suppose 53*n - 420 = 46*n. Let b be -7 + 9 - (-98)/1. What is the highest common factor of n and b?
20
Suppose -3*z + 4*z - 408 = 0. Let g(c) = c**3 + 17*c**2 + 28*c - 6. Let l be g(-15). What is the highest common divisor of l and z?
24
Suppose 285*p = 253*p + 30784. Calculate the highest common factor of 444 and p.
74
Let y be (-6212)/(-74) + (-392)/(-7252). Let z be (-2 + 1 - 27)/(-1). Calculate the highest common divisor of z and y.
28
Let l(t) = -t**3 - t**2 + t - 64. Let a be l(0). Suppose -2*x = -24*x - 924. Let p = x - a. Calculate the greatest common factor of 88 and p.
22
Suppose 3*d - v - 32 = 0, 4 = -5*d + 2*v + 56. Suppose 0 = d*m - 2*m + 1400. Let t be 3 + -3 - -4 - m. Calculate the highest common factor of t and 16.
16
Let q be (13/2)/((-2)/(-12)). Let d be -7 - (1 + (-4 - 1)). Let f = q - d. Calculate the highest common divisor of f and 12.
6
Suppose 4 = -9*i + 11*i. Suppose -4 = -2*x + i. Suppose x*u - 62 = 10. Calculate the greatest common factor of 60 and u.
12
Let k be 18/45 + 28/5. What is the greatest common divisor of 340 and k?
2
Let v be (4/10)/(9/450). Let x = 34 - v. Let p be 129/6 + (-3)/6. Calculate the greatest common factor of p and x.
7
Let h(o) = 2*o**2 + 60*o + 629. Let b be h(-11). What is the greatest common factor of b and 1?
1
Let d(u) = -42*u - 392. Let j be d(-17). Let r be (-69)/2*(-8)/6. What is the highest common divisor of j and r?
46
Suppose 1197707 + 1027292 = 131*o - 423559. Calculate the highest common divisor of o and 11.
11
Let v = -652 - -710. Suppose v*s - 452 = 24778. What is the greatest common factor of s and 87?
87
Suppose -5*b = -4*q - 97, -118*b + 29 = -117*b - 4*q. Suppose -2 = 3*o + 1. Let x be 187 - (2 + -2)*o. Calculate the greatest common divisor of x and b.
17
Let b = -8131 - -8221. Calculate the highest common factor of b and 10.
10
Let c be (-30942)/(-28) - (-8)/(-112). Calculate the greatest common divisor of c and 1275.
85
Let a be (-108)/14 + 16/(-56). Let x(b) be the first derivative of 5*b**3/3 + b**2 - 7*b - 2. Let z be x(a). What is the greatest common divisor of 27 and z?
27
Let i be (-408 + 136)/((-4)/6). Calculate the highest common factor of 168 and i.
24
Let q = -111 + 125. Let k = 12 - 0. Let y = q + k. Calculate the greatest common factor of y and 52.
26
Suppose -g + 51 = 2*g. Let d be ((-5)/((-40)/(-12)))/((-3)/30). Suppose 3*h + d = 0, -4*h - 420 = -5*m - 5*h. Calculate the greatest common factor of m and g.
17
Let r = -18227 + 18755. Calculate the greatest common divisor of r and 336.
48
Let o(z) = -4*z**3 + z. Let k be o(-1). Let c be (-108)/15*(7 + (2170/21)/(-10)). Calculate the highest common factor of c and k.
3
Let g(m) = 761*m + 6440. Let z be g(-8). What is the greatest common factor of z and 594?
22
Let v be (4/8)/((-6)/(-4))*447. Let q = v - 144. Calculate the highest common factor of q and 295.
5
Let a(i) = i**3 + 4*i**2 - i - 2. Let q be a(-3). Let y = 1330 + 211. Let f = y - 1351. Calculate the greatest common divisor of q and f.
10
Suppose -6 = i - 27. Let g be ((-36)/i)/((-4)/28). Let y = -3077 - -3113. What is the highest common divisor of y and g?
12
Suppose -w + 25 = 5*d, 0*w - d = 2*w - 41. Let f(y) = y**2 - 8*y - 12. Let b be f(25). Let c = 421 - b. Calculate the greatest common divisor of c and w.
4
Suppose j = -4*a + 3702, 9*j - 6*j - 11148 = 2*a. What is the highest common divisor of j and 6?
6
Let h be 0 + (-31)/((-496)/2720). Calculate the highest common factor of h and 68.
34
Suppose -18 = -16*m + 7*m. Suppose -355 + 133 = -m*v. What is the highest common divisor of 74 and v?
37
Let o(r) = 511*r - 13117. Let f be o(26). Let m = 129 + -64. Calculate the greatest common factor of m and f.
13
Let f = 5467 - 5372. What is the greatest common divisor of 2299 and f?
19
Suppose -3*n - 6 = 0, 19*n - 20*n + 460 = 2*k. What is the highest common factor of 363 and k?
33
Suppose -18*y + 54*y = 18*y + 19584. What is the highest common factor of 153 and y?
17
Let v(t) = t**3 - 5*t**2 + 8*t - 7. Let q be v(5). Let o(u) = -7879*u + 173353. Let s be o(22). Calculate the greatest common divisor of q and s.
3
Let p be (-539)/44 - 2/(-8). Let i be ((-36)/p)/((-3)/(-4)). Let r be ((-45)/12 + 0)/(12/(-64)). What is the greatest common factor of r and i?
4
Let o = 24251 + -16366. Calculate the greatest common factor of o and 114.
19
Let f = 7684 - 7397. What is the greatest common factor of f and 4879?
287
Suppose -y - 3*v = 6, -2*v + 3 = -0*y + 3*y. Suppose 5*o - 2377*p = -2376*p + 446, 4*p - 727 = -7*o. Calculate the greatest common factor of o and y.
3
Let o = -6 + 9. Suppose 5 = o*a + 2. Let z = 38294 + -38292. What is the highest common divisor of a and z?
1
Suppose -y + 3*v = -715, 0*y - 2*v = -2*y + 1434. Let m = y + -622. Calculate the highest commo